4 and m?
3
Suppose -2*k - 2 = -x + 7, -3*x = -k - 37. What is the greatest common factor of 52 and x?
13
Let d be (-2)/(-1)*23 + -4. Suppose d = 3*h - 0. Let o be (-1)/(-2) - 55/(-2). Calculate the highest common factor of h and o.
14
Let o(w) = -w**2 + 6*w + 5. Let f be o(9). Let z = -12 - f. Suppose 5*v - z = 70. What is the highest common factor of 4 and v?
4
Let v = -1 - -3. Let y be 0*((-52)/(-16) + -3). Suppose y = 5*i + z - 215, v*i + 4*z - 6 = 62. Calculate the highest common factor of 11 and i.
11
Let q = -2 + 46. What is the highest common factor of 4 and q?
4
Let k be (2/4)/((-1)/(-8)). Let x be (2 + -2)*(-2)/k. Suppose f = -4*q + 20, q = -x*q + 2*f + 5. What is the greatest common factor of 25 and q?
5
Suppose 3*f - 97 + 34 = 0. Suppose -63 - 1 = -5*o - 2*y, 5*y = -3*o + 27. Calculate the highest common factor of f and o.
7
Let v be (42/35)/(6/100). Calculate the greatest common divisor of 50 and v.
10
Let d be 1/(-3) - (-2 - (-1)/(-3)). What is the highest common factor of d and 10?
2
Let u be ((-4)/(-5))/(2/50). Let a(v) = -v - 5. Let y be a(-10). What is the highest common divisor of y and u?
5
Suppose 3*y - 4*a = 52, -2*a - 68 = 2*y - 7*y. What is the highest common divisor of 108 and y?
12
Suppose -2*a + 2 = -4, 4*a = -3*x + 72. Suppose r - x = -r. Let m = 0 - -5. Calculate the greatest common factor of r and m.
5
Let n be (-18)/(-12)*(-28)/6. Let s = n - -15. What is the highest common divisor of 24 and s?
8
Let h = 41 - -7. Calculate the highest common factor of 12 and h.
12
Let k = 17 + -7. Let v = k + -8. Suppose o = v*o - 26. What is the highest common divisor of 65 and o?
13
Suppose -5*t - 8 = -28. Let w(b) = -b**3 - 3*b**2 - 3*b. Let i = -12 - -10. Let y be w(i). What is the greatest common factor of t and y?
2
Let d(x) = 24*x + 1. Let p be d(1). What is the greatest common factor of 175 and p?
25
Suppose 4*f - 12 = -4. Suppose -3*m + 5*o = 0, -3 - 6 = -3*o. Suppose -5*i - f*w + 48 = 2*w, i - m*w = -2. What is the highest common divisor of 56 and i?
8
Suppose -8*x + 63 = -x. Calculate the highest common factor of x and 99.
9
Suppose 10 = -5*b + 3*b, -x + 20 = -2*b. Let q(d) = -23*d + 168. Let n be q(6). Calculate the highest common divisor of n and x.
10
Suppose -5*a + 50 + 85 = 0. What is the highest common factor of a and 108?
27
Let o be (-3 + 1)*(-9)/6. Suppose 35 = 3*b + 5*n, -2*b + 0*n - o*n = -22. Calculate the highest common factor of b and 40.
5
Let s be ((-25)/15)/((-1)/(-3)). Let r(i) = -2*i**3 - 6*i**2 + 5*i. Let x be r(s). Suppose 0*y = 2*y - 60. What is the greatest common divisor of x and y?
15
Let h(j) = 2*j - 3. Let s be h(3). Calculate the highest common divisor of 15 and s.
3
Suppose -2*t + 32 = 4*i, -4*i + 2*t = -43 + 19. Calculate the highest common factor of 14 and i.
7
Let l = -212 + 300. Calculate the highest common divisor of 11 and l.
11
Let c(y) = -y + 9. Let u be c(-15). What is the greatest common divisor of 156 and u?
12
Suppose 569 = 6*k + 155. Calculate the highest common divisor of 3 and k.
3
Let k(m) = 61*m**2 + 2*m - 1. Let w be k(1). Suppose 2*i = 4*z - w, 5 = z - 2*i - 6. What is the greatest common divisor of 51 and z?
17
Let j(f) = f**2 + 2*f - 4. Let q be j(-5). Let s = 356 + -235. Calculate the highest common divisor of s and q.
11
Let i be -3 + (-24)/9*-3. Suppose i*f - 4*r = 22, 2*f = -0*f - 4*r - 8. Suppose f*v + 52 = 6*v. Calculate the highest common divisor of v and 26.
13
Let n = -10 - -6. Let o be (70/n)/(1/(-2)). Let g(s) = s**2 - s - 7. Let t be g(4). Calculate the highest common factor of t and o.
5
Let u = -173 + 266. Suppose f - 5 = 0, 3*r = 6*r - 3*f - u. What is the greatest common divisor of 18 and r?
18
Suppose 21*o - 900 = -312. What is the greatest common divisor of o and 252?
28
Let o be (-3 - -2)/1*-241. Suppose -431 - o = -4*d. Suppose 0 = -15*n + 469 - 154. What is the greatest common divisor of d and n?
21
Suppose 10 = -0*l + 2*l. Calculate the greatest common factor of l and 40.
5
Let m = -5 + 32. Let y(r) = r**3 + 2. Let f be y(0). Let g be (-1 + 19)*f/2. Calculate the highest common divisor of g and m.
9
Suppose 42 - 8 = 2*z. What is the greatest common divisor of z and 119?
17
Let o = -4 - -28. Suppose -f + 6*f - 60 = 0. What is the highest common divisor of f and o?
12
Let k be -2*(-2)/(4/(-5)). Let w be -2 + 1 + k/(-1). Suppose -4 = -w*f - 0. What is the highest common divisor of 2 and f?
1
Let s = -4 + 6. Suppose s - 17 = -a. Calculate the greatest common factor of 45 and a.
15
Let v(g) = g + 11. Let m be v(-8). Let o(j) = j - 2. Let b be o(m). Let l be 5*(6/(-5))/(-3). Calculate the greatest common divisor of l and b.
1
Suppose -3 = 3*m, -3*j - 1 = 5*m - 29. What is the highest common divisor of j and 176?
11
Suppose -84 = -4*a + a. Suppose 2*i + 2*i = a. Let j be 1*((-6)/(-3) - -19). Calculate the greatest common factor of j and i.
7
Let m be (-15)/((-1)/76*6). Let v = m - 115. Calculate the greatest common divisor of v and 15.
15
Let h(k) = 23*k**2 - 2*k - 5. Let d be h(-2). Suppose -2*x + 7*x = 65. Calculate the greatest common divisor of x and d.
13
Suppose 3*c = -2*c + u + 8, 3*u = 5*c - 4. Suppose 39 = 3*q + 2*n - 32, 0 = -5*q - c*n + 113. What is the highest common factor of q and 7?
7
Let z(j) = j**2 + 3. Let b be z(3). Let k(m) = m**2 + 4*m - 3. Let t be k(-7). Calculate the highest common factor of b and t.
6
Suppose -22 = -5*x - 3*t + 1, 3*t = -3*x + 9. What is the greatest common factor of x and 70?
7
Suppose 28 = 5*z - 5*k + 8, -12 = 5*z + 3*k. Suppose z = -3*l - l + 4*h + 324, 5*l = -h + 381. Calculate the greatest common factor of l and 11.
11
Let w be (-1)/2*(-12 - -4). Suppose -w*m + 19 = -1. Calculate the greatest common factor of 20 and m.
5
Suppose b + 2*b + 16 = 2*r, 0 = 3*r - 15. Let w be (12/8)/(b/(-8)). Calculate the greatest common factor of w and 6.
6
Let f = -85 + 185. Let b be 124/6 - 4/6. Calculate the highest common divisor of f and b.
20
Let z = 19 - 13. Let s(r) = r**2 - r. Let n(g) = 3*g**2 - 4*g - 1. Let w(x) = 4*n(x) - 11*s(x). Let f be w(z). What is the highest common factor of 22 and f?
2
Let x(d) = -3*d**3 - 2*d**2 + 3*d + 2. Suppose -10 = 2*p + 3*p. Let a be x(p). Calculate the greatest common factor of a and 60.
12
Let w = 13 + -9. Let p be (-1)/(-4) + (-1)/w. Suppose p = d - 3*d + 4. Calculate the greatest common divisor of d and 5.
1
Let p(g) = -g**2 + 7*g. Let o be p(6). Suppose -2*s - 5*c + c = 44, 5*s = -c - 119. Let v = 48 + s. Calculate the greatest common divisor of v and o.
6
Let p = 26 + -10. What is the greatest common factor of 112 and p?
16
Suppose 3*r - 2*r - 32 = 0. Let n = r + -19. Let l(s) = -3*s + 4. Let k be l(-3). What is the greatest common divisor of n and k?
13
Let z(j) = -9*j - 6. Let x be z(-4). Suppose -q = q + 176. Let u = 133 + q. Calculate the greatest common factor of x and u.
15
Let j be (8/6)/((-2)/(-3)). Let q be 5/j*4/2. Let s = 66 + -31. Calculate the greatest common factor of s and q.
5
Let b be 6/(-14) + 1351/(-49). Let a = b - -44. What is the greatest common divisor of 8 and a?
8
Suppose -5*z = -c - 8*z + 35, 0 = 2*z - 6. Calculate the highest common divisor of c and 208.
26
Suppose 3*f = m - 25, -m - 23 = -2*m + 2*f. What is the highest common divisor of 95 and m?
19
Suppose -4*f = 4*s - 28, 0*s - 4*s + 18 = -f. Suppose i + 12 = 4*h - f*h, 3*i - 4 = -2*h. Calculate the greatest common factor of 15 and h.
5
Let u = 16 + 599. Suppose -3*d - 2*d + u = -5*b, -3*b - 9 = 0. Calculate the greatest common factor of d and 15.
15
Let a(n) = n**3 - n**2. Let l be a(1). Suppose 56 = 4*b + 2*z + 18, -z + 3 = l. What is the greatest common divisor of b and 72?
8
Let y be (-2 + -1)/(6/(-4)). Suppose -8 = 2*a - y. Let s be -44*(3/2)/a. What is the greatest common factor of 154 and s?
22
Let f(i) = i**3 + 2*i**2 - i - 2. Let b be (1/(-3))/(4/24). Let g be f(b). Suppose -o + 165 = -g*o. Calculate the highest common divisor of o and 15.
15
Suppose 2*b + 44 = 124. What is the greatest common factor of 24 and b?
8
Let h = 31 - 13. What is the greatest common factor of h and 162?
18
Suppose 0 = 2*x - 3*p - 144, 316 = x + 3*x + p. Calculate the highest common divisor of 26 and x.
26
Suppose 282 = -0*q + 3*q - 3*p, q - 92 = 2*p. Calculate the highest common factor of 12 and q.
12
Let x be 